the tens digit of 1042324?
2
What is the hundred thousands digit of 272606?
2
What is the hundred thousands digit of 841073?
8
What is the units digit of 326521?
1
What is the tens digit of 8089062?
6
What is the millions digit of 1201691?
1
What is the ten thousands digit of 398479?
9
What is the thousands digit of 647809?
7
What is the ten thousands digit of 4925078?
2
What is the thousands digit of 1304954?
4
What is the hundred thousands digit of 32248496?
2
What is the millions digit of 1137473?
1
What is the ten thousands digit of 156082?
5
What is the millions digit of 3320099?
3
What is the thousands digit of 314562?
4
What is the hundred thousands digit of 457031?
4
What is the ten thousands digit of 119645?
1
What is the hundreds digit of 5154?
1
What is the units digit of 23782308?
8
What is the ten thousands digit of 613270?
1
What is the tens digit of 6318360?
6
What is the tens digit of 472050?
5
What is the hundred thousands digit of 274013?
2
What is the millions digit of 11231138?
1
What is the hundred thousands digit of 318007?
3
What is the tens digit of 237046?
4
What is the thousands digit of 1025502?
5
What is the units digit of 16103535?
5
What is the thousands digit of 12411764?
1
What is the hundreds digit of 1207104?
1
What is the hundreds digit of 1796066?
0
What is the tens digit of 1459994?
9
What is the hundreds digit of 9146873?
8
What is the tens digit of 689771?
7
What is the thousands digit of 17913674?
3
What is the ten thousands digit of 156792?
5
What is the tens digit of 3120243?
4
What is the units digit of 353748?
8
What is the hundred thousands digit of 4789357?
7
What is the tens digit of 2161131?
3
What is the hundred thousands digit of 1087220?
0
What is the ten thousands digit of 501974?
0
What is the hundreds digit of 25856372?
3
What is the units digit of 2574127?
7
What is the units digit of 2902458?
8
What is the hundred thousands digit of 833409?
8
What is the hundred thousands digit of 1183485?
1
What is the tens digit of 343756?
5
What is the units digit of 16272?
2
What is the thousands digit of 113987?
3
What is the ten thousands digit of 20784?
2
What is the hundreds digit of 2167379?
3
What is the hundred thousands digit of 2779509?
7
What is the thousands digit of 3850674?
0
What is the hundred thousands digit of 243951?
2
What is the millions digit of 8021437?
8
What is the units digit of 4201801?
1
What is the units digit of 12538967?
7
What is the units digit of 303289?
9
What is the tens digit of 2489244?
4
What is the hundreds digit of 7494121?
1
What is the units digit of 1160194?
4
What is the units digit of 4957592?
2
What is the hundreds digit of 718329?
3
What is the millions digit of 28136386?
8
What is the ten thousands digit of 4488125?
8
What is the ten thousands digit of 3839005?
3
What is the thousands digit of 10309?
0
What is the thousands digit of 186693?
6
What is the units digit of 84864?
4
What is the ten thousands digit of 10044070?
4
What is the hundred thousands digit of 474387?
4
What is the tens digit of 336148?
4
What is the thousands digit of 1923967?
3
What is the ten thousands digit of 4196888?
9
What is the hundred thousands digit of 9988117?
9
What is the tens digit of 1076470?
7
What is the tens digit of 92761?
6
What is the tens digit of 1427272?
7
What is the millions digit of 5226159?
5
What is the hundred thousands digit of 5141042?
1
What is the hundreds digit of 1388939?
9
What is the hundreds digit of 256465?
4
What is the ten thousands digit of 723322?
2
What is the hundred thousands digit of 359524?
3
What is the hundreds digit of 5684237?
2
What is the tens digit of 5610648?
4
What is the units digit of 900398?
8
What is the hundreds digit of 1190882?
8
What is the hundred thousands digit of 408499?
4
What is the hundred thousands digit of 462808?
4
What is the units digit of 1689922?
2
What is the ten thousands digit of 45903?
4
What is the ten thousands digit of 430701?
3
What is the tens digit of 5411121?
2
What is the units digit of 9115759?
9
What is the thousands digit of 36116?
6
What is the hundreds digit of 733226?
2
What is the tens digit of 6849992?
9
What is the hundred thousands digit of 254974?
2
What is the tens digit of 3690860?
6
What is the hundred thousands digit of 19373565?
3
What is the ten thousands digit of 10738561?
3
What is the ten thousands digit of 1234963?
3
What is the hundreds digit of 3678255?
2
What is the ten thousands digit of 252271?
5
What is the hundreds digit of 1414952?
9
What is the ten thousands digit of 5818887?
1
What is the hundreds digit of 2125216?
2
What is the ten thousands digit of 1050628?
5
What is the hundred thousands digit of 3387332?
3
What is the hundred thousands digit of 877632?
8
What is the ten thousands digit of 560263?
6
What is the ten thousands digit of 1079804?
7
What is the ten thousands digit of 103103?
0
What is the thousands digit of 1356412?
6
What is the thousands digit of 434298?
4
What is the tens digit of 15844707?
0
What is the units digit of 348462?
2
What is the thousands digit of 9539290?
9
What is the ten thousands digit of 24652839?
5
What is the ten thousands digit of 107116?
0
What is the ten thousands digit of 372133?
7
What is the hundreds digit of 1317286?
2
What is the millions digit of 11113078?
1
What is the hundreds digit of 603712?
7
What is the hundred thousands digit of 8426639?
4
What is the millions digit of 11016018?
1
What is the units digit of 263548?
8
What is the hundreds digit of 10703015?
0
What is the tens digit of 1281384?
8
What is the thousands digit of 2724915?
4
What is the ten millions digit of 24306295?
2
What is the tens digit of 41160?
6
What is the hundred thousands digit of 145743?
1
What is the units digit of 1303807?
7
What is the hundred thousands digit of 125374?
1
What is the tens digit of 2242906?
0
What is the thousands digit of 554979?
4
What is the thousands digit of 12146?
2
What is the tens digit of 409165?
6
What is the units digit of 30295?
5
What is the thousands digit of 1556262?
6
What is the ten thousands digit of 188948?
8
What is the thousands digit of 1101921?
1
What is the hundred thousands digit of 2703757?
7
What is the hundreds digit of 27562632?
6
What is the hundred thousands digit of 1586404?
5
What is the hundreds digit of 478365?
3
What is the ten thousands digit of 6289803?
8
What is the millions digit of 2101062?
2
What is the units digit of 993515?
5
What is the thousands digit of 516616?
6
What is the thousands digit of 1326951?
6
What is the millions digit of 2647506?
2
What is the thousands digit of 564203?
4
What is the millions digit of 2096285?
2
What is the thousands digit of 7017560?
7
What is the ten thousands digit of 2193655?
9
What is the thousands digit of 61587?
1
What is the ten millions digit of 23600889?
2
What is the thousands digit of 309587?
9
What is the units digit of 1292837?
7
What is the units digit of 5077212?
2
What is the hundreds digit of 2631260?
2
What is the tens digit of 114203?
0
What is the units digit of 2205543?
3
What is the hundreds digit of 314005?
0
What is the units digit of 380766?
6
What is the hundred thousands digit of 5999363?
9
What is the hundreds digit of 2489931?
9
What is the units digit of 1995988?
8
What is the tens digit of 10466547?
4
What is the ten millions digit of 27475545?
2
What is the tens digit of 1262455?
5
What is the tens digit of 626030?
3
What is the hundreds digit of 69350?
3
What is the ten thousands digit of 120439?
2
What is the ten thousands digit of 181359?
8
What is the thousands digit of 7159330?
9
What is the hundred thousands digit of 340685?
3
What is the millions digit of 1127724?
1
What is the hundred thousands digit of 1617390?
6
What is the hundred thousands digit of 2180817?
1
What is the hundred thousands digit of 1655436?
6
What is the hundreds digit of 29826749?
7
What is the hundreds digit of 8885627?
6
What is the ten thousands digit of 560141?
6
What is the ten thousands digit of 35182?
3
What is the units digit of 546755?
5
What is the ten thousands digit of 9496369?
9
What is the units digit of 12779070?
0
What is the hundred thousands digit of 443105?
4
What is the hundreds digit of 420416?
4
What is th